{"id":6,"date":"2025-11-19T06:39:50","date_gmt":"2025-11-18T23:39:50","guid":{"rendered":"https:\/\/uidai.in.net\/?page_id=6"},"modified":"2025-11-19T06:59:41","modified_gmt":"2025-11-18T23:59:41","slug":"trang-chu","status":"publish","type":"page","link":"https:\/\/uidai.in.net\/","title":{"rendered":"HU88 &#8211; Trung T\u00e2m \u0110\u0103ng K\u00fd Hu88.Com N\u1ea1p 50K +8888K"},"content":{"rendered":"<div class=\"row\"  id=\"row-119480028\">\n\n\t<div id=\"col-346186063\" class=\"col medium-8 small-12 large-8\"  >\n\t\t\t\t<div class=\"col-inner\"  >\n\t\t\t\n\t\t\t\n<h1 class=\"tieu-de\" style=\"text-align: center;\"><span style=\"color: #008000;\">HU88 &#8211; Trung T\u00e2m \u0110\u0103ng K\u00fd Hu88.Com N\u1ea1p 50K +8888K<\/span><\/h1>\n<p><span style=\"color: #359eff;\"><strong>Hu88<\/strong> l\u00e0 nh\u00e0 c\u00e1i t\u1ed1t nh\u1ea5t Ch\u00e2u \u00c1 v\u1ec1 giao d\u1ecbch g\u1eedi r\u00fat ti\u1ec1n v\u1edbi th\u1eddi gian si\u00eau t\u1ed1c, \u0111\u1ea7y \u0111\u1ee7 th\u1ec3 lo\u1ea1i c\u00e1 c\u01b0\u1ee3c tr\u1ef1c tuy\u1ebfn \u0111\u01b0\u1ee3c nhi\u1ec1u ng\u01b0\u1eddi y\u00eau th\u00edch. V\u1edbi n\u1ec1n t\u1ea3ng Hu888 \u0111ang th\u1ecbnh h\u00e0nh, c\u00e1c khuy\u1ebfn m\u00e3i m\u1edf t\u1eb7ng th\u00e0nh vi\u00ean m\u1edbi h\u1ea5p d\u1eabn l\u00ean t\u1edbi 8888k th\u00ec \u0111\u00e2y l\u00e0 th\u1eddi \u0111i\u1ec3m kh\u00f4ng th\u1ec3 tuy\u1ec7t v\u1eddi h\u01a1n \u0111\u1ec3 tr\u1ea3i nghi\u1ec7m trang web n\u00e0y. \u0110\u00e3 \u0111\u01b0\u1ee3c ch\u1ee9ng th\u1ef1c b\u1edfi Gamcare, Bmm v\u00e0 itech labs.<\/span><\/p>\n<blockquote>\n<p>Trang ch\u1ee7 \u0110\u0103ng nh\u1eadp Hu88 com ch\u00ednh th\u1ee9c: <span style=\"color: #008000;\"><a style=\"color: #008000;\" href=\"https:\/\/uidai.in.net\/\"><em>https:\/\/uidai.in.net\/<\/em><\/a><\/span><\/p>\n<\/blockquote>\n\t\t<\/div>\n\t\t\t\t\t<\/div>\n\n\t\n\n\t<div id=\"col-1002660083\" class=\"col medium-4 small-12 large-4\"  >\n\t\t\t\t<div class=\"col-inner text-center\"  >\n\t\t\t\n\t\t\t\n\t<div class=\"img has-hover x md-x lg-x y md-y lg-y\" id=\"image_1703184837\">\n\t\t\t\t\t\t\t\t<div class=\"img-inner dark\" >\n\t\t\t<img loading=\"lazy\" decoding=\"async\" width=\"512\" height=\"512\" src=\"https:\/\/uidai.in.net\/wp-content\/uploads\/2025\/11\/hu88-favicon.webp\" class=\"attachment-original size-original\" alt=\"Nh\u00e0 c\u00e1i Hu88 game\" srcset=\"https:\/\/uidai.in.net\/wp-content\/uploads\/2025\/11\/hu88-favicon.webp 512w, https:\/\/uidai.in.net\/wp-content\/uploads\/2025\/11\/hu88-favicon-300x300.webp 300w, https:\/\/uidai.in.net\/wp-content\/uploads\/2025\/11\/hu88-favicon-150x150.webp 150w\" sizes=\"auto, (max-width: 512px) 100vw, 512px\" \/>\t\t\t\t\t\t\n\t\t\t\t\t<\/div>\n\t\t\t\t\t\t\t\t\n<style>\n#image_1703184837 {\n  width: 80%;\n}\n<\/style>\n\t<\/div>\n\t\n\t\t<\/div>\n\t\t\t\t\t<\/div>\n\n\t\n<\/div>\n<h2 class=\"tieu-de uppercase\"><strong>FAQ &#8211; Gi\u1ea3i \u0111\u00e1p th\u00f4ng tin nh\u00e0 c\u00e1i Hu888<\/strong><\/h2>\n<div class=\"accordion faq\">\n\t<div id=\"accordion-525365790\" class=\"accordion-item\">\n\t\t<a id=\"accordion-525365790-label\" class=\"accordion-title plain\" href=\"#accordion-item-trang-web-t\u1ed5ng-\u0111\u0103ng-nh\u1eadp-hu88-l\u00e0-g\u00ec?\" aria-expanded=\"false\" aria-controls=\"accordion-525365790-content\">\n\t\t\t<button class=\"toggle\" aria-label=\"Chuy\u1ec3n \u0111\u1ed5i\"><i class=\"icon-angle-down\" aria-hidden=\"true\"><\/i><\/button>\n\t\t\t<span>Trang web t\u1ed5ng \u0111\u0103ng nh\u1eadp Hu88 l\u00e0 g\u00ec?<\/span>\n\t\t<\/a>\n\t\t<div id=\"accordion-525365790-content\" class=\"accordion-inner\" aria-labelledby=\"accordion-525365790-label\">\n\t\t\t\n<p>C\u00e1c b\u1ea1n c\u00f3 nhu c\u1ea7u \u0111\u0103ng k\u00fd, \u0111\u0103ng nh\u1eadp v\u00e0 t\u1ea3i app nh\u00e0 c\u00e1i th\u00ec c\u00f3 th\u1ec3 s\u1eed d\u1ee5ng c\u00e1c t\u00ean mi\u1ec1n:<\/p>\n<ul>\n<li><em>hu 88.com<\/em><\/li>\n<li><em>hu88.app<\/em><\/li>\n<li><em>hu 88.bet<\/em><\/li>\n<li><em>hu 88.game<\/em><\/li>\n<li><em>hu88.vip<\/em><\/li>\n<li><em>hu 88.link<\/em><\/li>\n<li><em>hu88.top<\/em><\/li>\n<\/ul>\n<p>Ho\u1eb7c truy c\u1eadp c\u00e1c LINK d\u1ef1 ph\u00f2ng m\u1edbi nh\u1ea5t, c\u00f3 t\u1ed9c \u0111\u1ed9 truy c\u1eadp nhanh kh\u00f4ng k\u00e9m: <em>#hu881.com #hu882.com #hu880.com #hu883.com #hu884.com #hu885.com #hu886.com #hu887.com #hu888.com #hu889.com #1hu88.com #2hu88.com #3hu88.com #4hu88.com #5hu88.com #6hu88.com #7hu88.com #8hu88.com #9hu88.com<\/em><\/p>\n\t\t<\/div>\n\t<\/div>\n\t\n\t<div id=\"accordion-374086006\" class=\"accordion-item\">\n\t\t<a id=\"accordion-374086006-label\" class=\"accordion-title plain\" href=\"#accordion-item-khuy\u1ebfn-m\u00e3i-hu888-t\u1eb7ng-8888k-th\u1ebf-n\u00e0o?\" aria-expanded=\"false\" aria-controls=\"accordion-374086006-content\">\n\t\t\t<button class=\"toggle\" aria-label=\"Chuy\u1ec3n \u0111\u1ed5i\"><i class=\"icon-angle-down\" aria-hidden=\"true\"><\/i><\/button>\n\t\t\t<span>Khuy\u1ebfn m\u00e3i Hu888 t\u1eb7ng 8888k th\u1ebf n\u00e0o?<\/span>\n\t\t<\/a>\n\t\t<div id=\"accordion-374086006-content\" class=\"accordion-inner\" aria-labelledby=\"accordion-374086006-label\">\n\t\t\t\n<p>Hu88.com h\u1ed7 tr\u1ee3 th\u00e0nh vi\u00ean m\u1edbi n\u1ea1p \u0111\u1ea7u c\u00f3 c\u01a1 h\u1ed9i nh\u1eadn ng\u1eabu nhi\u00ean 8888k. C\u00e1c t\u00e2n th\u1ee7 c\u1ea7n T\u1ea3i app, \u0111\u0103ng k\u00fd t\u00e0i kho\u1ea3n m\u1edbi v\u00e0 n\u1ea1p \u0111\u1ea7u t\u1ed1i thi\u1ec3u 50k \u0111\u1ec3 tham gia s\u1ef1 ki\u1ec7n h\u1ea5p d\u1eabn n\u00e0y.<\/p>\n\t\t<\/div>\n\t<\/div>\n\t\n\t<div id=\"accordion-2138911311\" class=\"accordion-item\">\n\t\t<a id=\"accordion-2138911311-label\" class=\"accordion-title plain\" href=\"#accordion-item-hu-88-c\u00f3-uy-t\u00edn-kh\u00f4ng?\" aria-expanded=\"false\" aria-controls=\"accordion-2138911311-content\">\n\t\t\t<button class=\"toggle\" aria-label=\"Chuy\u1ec3n \u0111\u1ed5i\"><i class=\"icon-angle-down\" aria-hidden=\"true\"><\/i><\/button>\n\t\t\t<span>Hu 88 c\u00f3 uy t\u00edn kh\u00f4ng?<\/span>\n\t\t<\/a>\n\t\t<div id=\"accordion-2138911311-content\" class=\"accordion-inner\" aria-labelledby=\"accordion-2138911311-label\">\n\t\t\t\n<p>Tuy m\u1edbi ra m\u1eaft nh\u01b0ng Nh\u00e0 c\u00e1i Hu888 \u0111\u00e3 nhanh ch\u00f3ng tr\u1edf th\u00e0nh n\u1ec1n t\u1ea3ng \u0111\u01b0\u1ee3c nhi\u1ec1u ng\u01b0\u1eddi ch\u01a1i nh\u1ea5t hi\u1ec7n nay. Th\u01b0\u01a1ng hi\u1ec7u \u0111\u01b0\u1ee3c c\u1ea5p nhi\u1ec1u ch\u1ee9ng ch\u1ec9 v\u1ec1 an to\u00e0n c\u00e1 c\u01b0\u1ee3c nh\u01b0 BeGambleaware, BMM teslabs v\u00e0 vinh d\u1ef1 \u0111\u01b0\u1ee3c U\u1ef7 ban gi\u00e1m s\u00e1t c\u00e1 c\u01b0\u1ee3c \u0110\u1eb7c khu Cagayan c\u1ea5p ph\u00e9p ho\u1ea1t \u0111\u1ed9ng.<\/p>\n\t\t<\/div>\n\t<\/div>\n\t\n\t<div id=\"accordion-1819082230\" class=\"accordion-item\">\n\t\t<a id=\"accordion-1819082230-label\" class=\"accordion-title plain\" href=\"#accordion-item-g\u1eedi\/r\u00fat-ti\u1ec1n-t\u1ea1i-hu88-c\u00f3-an-to\u00e0n-kh\u00f4ng?\" aria-expanded=\"false\" aria-controls=\"accordion-1819082230-content\">\n\t\t\t<button class=\"toggle\" aria-label=\"Chuy\u1ec3n \u0111\u1ed5i\"><i class=\"icon-angle-down\" aria-hidden=\"true\"><\/i><\/button>\n\t\t\t<span>G\u1eedi\/R\u00fat ti\u1ec1n t\u1ea1i Hu88 c\u00f3 an to\u00e0n kh\u00f4ng?<\/span>\n\t\t<\/a>\n\t\t<div id=\"accordion-1819082230-content\" class=\"accordion-inner\" aria-labelledby=\"accordion-1819082230-label\">\n\t\t\t\n<p>Hu 88 l\u00e0 nh\u00e0 c\u00e1i uy t\u00edn, nhi\u1ec1u c\u00f4ng ngh\u1ec7 m\u1edbi n\u00ean giao d\u1ecbch nhanh ch\u00f3ng. Qua th\u1ef1c t\u1ebf ho\u1ea1t \u0111\u1ed9ng cho th\u1ea5y ng\u01b0\u1eddi ch\u01a1i ch\u1ec9 c\u1ea7n t\u1ea1o l\u1ec7nh v\u00e0 \u0111\u1ee3i kh\u00f4ng qu\u00e1 3 ph\u00fat cho n\u1ea1p ti\u1ec1n v\u00e0 5 ph\u00fat cho r\u00fat ti\u1ec1n l\u00e0 c\u00f3 th\u1ec3 ho\u00e0n th\u00e0nh l\u1ec7nh th\u00e0nh c\u00f4ng.<\/p>\n\t\t<\/div>\n\t<\/div>\n\t\n\t<div id=\"accordion-961139808\" class=\"accordion-item\">\n\t\t<a id=\"accordion-961139808-label\" class=\"accordion-title plain\" href=\"#accordion-item-mu\u1ed1n-li\u00ean-h\u1ec7-k\u00eanh-ch\u0103m-s\u00f3c-kh\u00e1ch-h\u00e0ng-hu-888-th\u00ec-s\u1eed-d\u1ee5ng-k\u00eanh-n\u00e0o?\" aria-expanded=\"false\" aria-controls=\"accordion-961139808-content\">\n\t\t\t<button class=\"toggle\" aria-label=\"Chuy\u1ec3n \u0111\u1ed5i\"><i class=\"icon-angle-down\" aria-hidden=\"true\"><\/i><\/button>\n\t\t\t<span>Mu\u1ed1n li\u00ean h\u1ec7 K\u00eanh Ch\u0103m s\u00f3c kh\u00e1ch h\u00e0ng Hu 888 th\u00ec s\u1eed d\u1ee5ng k\u00eanh n\u00e0o?<\/span>\n\t\t<\/a>\n\t\t<div id=\"accordion-961139808-content\" class=\"accordion-inner\" aria-labelledby=\"accordion-961139808-label\">\n\t\t\t\n<p>CSKH Hu88 ho\u1ea1t \u0111\u1ed9ng online 24h n\u00ean ng\u01b0\u1eddi ch\u01a1i ch\u1ec9 c\u1ea7n \u0111\u0103ng nh\u1eadp v\u00e0o Trang ch\u1ee7, \u1ea5n n\u00fat &#8220;CSKH&#8221; l\u00e0 c\u00f3 th\u1ec3 m\u1edf c\u1eeda s\u1ed5 Chat v\u1edbi nh\u00e2n vi\u00ean t\u01b0 v\u1ea5n.<\/p>\n\t\t<\/div>\n\t<\/div>\n\t\n<\/div>\n","protected":false},"excerpt":{"rendered":"<p>FAQ &#8211; Gi\u1ea3i \u0111\u00e1p th\u00f4ng tin nh\u00e0 c\u00e1i Hu888<\/p>\n","protected":false},"author":1,"featured_media":0,"parent":0,"menu_order":0,"comment_status":"closed","ping_status":"closed","template":"","meta":{"footnotes":""},"class_list":["post-6","page","type-page","status-publish","hentry"],"_links":{"self":[{"href":"https:\/\/uidai.in.net\/index.php?rest_route=\/wp\/v2\/pages\/6","targetHints":{"allow":["GET"]}}],"collection":[{"href":"https:\/\/uidai.in.net\/index.php?rest_route=\/wp\/v2\/pages"}],"about":[{"href":"https:\/\/uidai.in.net\/index.php?rest_route=\/wp\/v2\/types\/page"}],"author":[{"embeddable":true,"href":"https:\/\/uidai.in.net\/index.php?rest_route=\/wp\/v2\/users\/1"}],"replies":[{"embeddable":true,"href":"https:\/\/uidai.in.net\/index.php?rest_route=%2Fwp%2Fv2%2Fcomments&post=6"}],"version-history":[{"count":11,"href":"https:\/\/uidai.in.net\/index.php?rest_route=\/wp\/v2\/pages\/6\/revisions"}],"predecessor-version":[{"id":95,"href":"https:\/\/uidai.in.net\/index.php?rest_route=\/wp\/v2\/pages\/6\/revisions\/95"}],"wp:attachment":[{"href":"https:\/\/uidai.in.net\/index.php?rest_route=%2Fwp%2Fv2%2Fmedia&parent=6"}],"curies":[{"name":"wp","href":"https:\/\/api.w.org\/{rel}","templated":true}]}}